t is the units digit of l?
6
Let d(u) = 16*u**2 - 21*u. What is the tens digit of d(5)?
9
Let j be (-1 - 0)*5/5. Let b = j - -82. Let z = b + -56. What is the tens digit of z?
2
Let c(p) = 7*p + 2. Let o be c(-4). Let b = 43 + o. Let a = b + -9. What is the units digit of a?
8
Let p = -61 - -63. Let x(v) = v**3 + 2*v**2 - v + 2. What is the tens digit of x(p)?
1
Suppose 3*c + 470 = j - c, 0 = -5*c - 10. What is the units digit of j?
2
Let n be 9/5 + ((-116)/20 - -6). Suppose 3 = -4*c - 9, -2*c - 624 = -n*y. What is the units digit of y?
9
Let q(p) = 3*p + 43. Let w be q(-15). Suppose 0 = -z + 2*x, -4*z - 3 = 5*x - 29. What is the units digit of (-2)/z - 25/w?
2
Let b(w) = 23*w + 150. What is the thousands digit of b(56)?
1
Suppose 0 = -3*t + x - 33, -t + 0*t - 27 = 5*x. Let r(v) = 10*v - 2. Let g be r(t). Let w = -86 - g. What is the tens digit of w?
3
Let w(t) be the second derivative of -t**4/12 + 5*t**3/2 - 12*t**2 - 7*t. What is the tens digit of w(12)?
1
Suppose 0 = 5*l - 3*v - 47, 8*l + v = 3*l + 31. Suppose 0 = 2*b - 3*w - 15, 0 = 3*b - l*w + 2*w - 24. Let c(g) = 6*g. What is the tens digit of c(b)?
1
Let m be 1*-1*(3 + -2). Let o(g) = 5*g**2 - 2*g - 1. Let l be o(m). Suppose 2*j + l - 38 = 3*b, 0 = 5*b + 10. What is the tens digit of j?
1
Let t be (-2)/(-9) + (-886)/18. Let f(y) = -y**3 + 27*y**2 - y + 19. Let w be f(27). What is the units digit of w/(-14) + (-413)/t?
9
Let y(w) = -w**3 - 12*w**2 - 21*w - 10. Let j be y(-10). Suppose i + 4*i - 1220 = j. What is the units digit of i?
4
Let f(g) = g**3 - 16*g**2 - 11*g - 21. Let l be f(17). Suppose -l = -2*s - 5. What is the units digit of s?
8
Let k(b) = b**3 + 13*b**2 + 8*b + 11. Suppose -4*g + 4*h - 52 = 0, -5*g = 4*h - h + 57. What is the units digit of k(g)?
9
Let w = 493 - 447. What is the tens digit of w?
4
Let l = 10 - 5. Suppose -l*r = -r + 32. What is the units digit of 24*-1*6/r?
8
Let d = 1 - -2. Let s be (d/9)/((-4)/(-60)). Suppose k + 116 = s*k. What is the tens digit of k?
2
Let t(s) = 5*s**3 - 6*s**2 - 9*s + 19. What is the tens digit of t(5)?
4
Let o = 31 - 0. Let b = -10 + o. Let f = 34 - b. What is the units digit of f?
3
Let f = 438 - -608. What is the tens digit of f?
4
Suppose -52*j + 69*j - 41480 = 0. What is the units digit of j?
0
Let i(r) = 3 + 0*r - 1 + r. Let j = -90 + 96. What is the units digit of i(j)?
8
Suppose 0 = 5*s - 0*s + 125. Let y = 66 + s. What is the tens digit of y?
4
Let t(a) = 7*a**3 - a**2 - 14*a - 13. Let d(y) = -6*y**3 + 2*y**2 + 13*y + 13. Let n(g) = -6*d(g) - 5*t(g). Let s = 402 - 393. What is the units digit of n(s)?
7
Suppose 3*n - t = 8, 4*t = -4*n - 9 - 7. Let j = -9 + 12. Suppose 5*m + 42 = 2*s, -21 = -s + j*m - n. What is the tens digit of s?
2
Suppose 2288 + 7962 = 10*w. What is the thousands digit of w?
1
Suppose -2 - 3 = -m. Suppose -5*y + 7965 = -m*d, -4*d = -5*y - 3026 + 9395. What is the tens digit of d/(-30) + (-3)/15?
5
Let u be 18*4*4/32. Suppose -5*x = -u + 19. Let s(m) = -7*m - 7. What is the units digit of s(x)?
7
Let i(w) = -332*w - 3. What is the hundreds digit of i(-2)?
6
Suppose 0 = -15*t + 16*t - 4. Let b be (-100)/t - -2 - 4. Let s = b - -33. What is the units digit of s?
6
Let b(h) = 6*h**3 + 7*h**2 - 9*h - 6. What is the units digit of b(5)?
4
Suppose -4*m = -5*m - 5*q + 1031, 0 = 4*m - 2*q - 4080. What is the units digit of m?
1
Let f(q) = q**2 - q. Let k be f(-1). Suppose s + 15 = -k*s. What is the units digit of (233 + s)*(-2)/(-6)?
6
Suppose 25*w + 19528 = 108203. What is the units digit of w?
7
Suppose 0 = 6*f - 4*f + 4. Let a(b) = -12*b - 4. Let t be a(f). Suppose 3*q - q = -4, -t = -2*v + 3*q. What is the units digit of v?
7
Let l = 14 - 15. Let r be l + 3 + -3 + 4. What is the tens digit of -4 - (-3 + -183)/r?
5
What is the thousands digit of 6/((-168)/(-49828)) - 9/(-21)?
1
Let o(k) = -35*k + 32*k - 18 - 84*k - 25*k. What is the tens digit of o(-3)?
1
Let k(l) = l + 11. Let x(b) = b**2 + 9*b + 8. Let m be x(-8). Suppose m = y - 4 - 6. What is the tens digit of k(y)?
2
Let r be (-7)/(-2) - (-1)/(-2). Suppose x - r*x = 0. Suppose -2*v - v + 9 = x. What is the units digit of v?
3
Let k(q) = q**2 - 2*q - 9. Let y be k(6). Suppose 0 = -o + y + 29. What is the units digit of o?
4
Suppose u + 315 = -3*u - 3*c, 0 = -u - 2*c - 80. Let p = u + 122. What is the units digit of p?
4
Suppose 6*k - 7254 = -7*k. What is the units digit of k?
8
Let n = -4 + 8. Let v = 7 - n. Suppose -2*u = 3*u + i - 25, u - 5 = -v*i. What is the units digit of u?
5
Let c = -16 - -33. Suppose i - 21 = -c. Suppose -4*f = -36 - i. What is the tens digit of f?
1
Let z(v) = 15*v - 22. Let u be z(4). Suppose 3*o - 3*k - 403 = u, -o = -2*k - 144. What is the hundreds digit of o?
1
Let w(u) = u**2 - 45*u + 510. Let q be w(22). Suppose -k + 0*k + 31 = 0. Let b = k - q. What is the units digit of b?
7
What is the hundreds digit of 134 + -8 - (-1 - 2*-2)?
1
Let v(w) = 275*w + 149. What is the tens digit of v(14)?
9
Let g be (-1)/(1*2/(-4)). Suppose -3*p - g*p = -100. Suppose p = k - 0*k. What is the units digit of k?
0
Let d = 111 - 143. Let o = 114 - 61. Let y = o + d. What is the units digit of y?
1
Let n = 9009 - 6374. What is the hundreds digit of n?
6
Suppose -8*t - 6 = -10*t. Suppose -3*p + t*z = -150, 0*p - 3*z = p - 46. What is the tens digit of p?
4
Let h(p) = p**3 + 6*p**2 - 5*p. Suppose -3*l - 9 = 0, -l = 2*a + 18 - 1. Let m be h(a). Let z(d) = -d**3 - 15*d**2 - 14*d + 19. What is the units digit of z(m)?
9
Let z = -4323 + 6096. What is the units digit of z?
3
What is the tens digit of 189/630 - 18174/(-20)?
0
Let s be (5 - -1) + (9 - 11). Suppose -s*t = -v + 120, -2*v + v + 91 = -3*t. Let f = t + 51. What is the tens digit of f?
2
Suppose -4*f + 3867 = 5*a, 6*f - 5*f = 3. What is the tens digit of a?
7
Let r(f) = 3*f**2 + 13*f - 560. What is the tens digit of r(22)?
7
Let t(z) = -z**3 - z**2 - 3*z - 1. Suppose -2*v + p = -0*p + 11, 0 = -v - 5*p + 22. What is the units digit of t(v)?
6
Suppose 7*m = 461 + 1716. What is the units digit of m?
1
Suppose -33*u + 16926 = 6*u. What is the tens digit of u?
3
Let y be (-4)/((-60)/27 + (-6)/(-27)). Suppose -f = y*d - 83 - 1, -d = 2*f - 165. What is the tens digit of f?
8
Let y(x) = x**2 + 11*x + 11. Let p be y(-10). Let f be (20/12 - p)*12. Suppose -95 = -f*a + 3*a. What is the tens digit of a?
1
Suppose 4*b + 4*y = 5*b - 401, -1921 = -5*b - y. What is the units digit of b?
5
Let m = -12 - -16. Suppose 91 + 173 = m*n. What is the tens digit of n + 9*3/9?
6
Suppose -5*s = -4*f + 3341, -25 = -11*s + 16*s. What is the hundreds digit of f?
8
Let i be ((-6)/(-15))/(5/425). Let h = i + 4. Suppose 5*r = 87 + h. What is the tens digit of r?
2
Let i = -22 + 17. Let d(r) = -7*r - 7. Let y be d(i). What is the tens digit of y - 16/12*-3?
3
Suppose 0 = -3*f - 4*a + 101, 4*f = 6*f + 2*a - 64. Let j = 15 - 8. Suppose -t + f + j = 0. What is the units digit of t?
4
Let k(g) = 148*g**2 + 20*g + 27. What is the tens digit of k(-2)?
7
Let c(a) = -4*a + 11 - 2*a + 8*a. Let v be c(15). What is the tens digit of (-4)/2 + -2 + v?
3
Suppose -5*c - 5*v + 34 = -4*c, 0 = 3*c - 5*v - 22. What is the units digit of 4/c + 3772/28?
5
Suppose 12*l = 9*l + 1608. Suppose 0 = -5*w + 9*w - l. What is the units digit of w?
4
Suppose 2*d - 22 = 2*t - t, -2*t = 5*d - 64. Suppose -n - n + d = 0. What is the units digit of ((-60)/21)/(n/(-42))?
0
Suppose 31*c = 15401 + 26759. What is the units digit of c?
0
Let o(u) = 9*u**2 + 17*u + 71. Let r(h) = -14*h**2 - 25*h - 107. Let k(t) = 8*o(t) + 5*r(t). What is the tens digit of k(-10)?
2
Let d(h) = 2*h**3 - 4*h**2 - 4*h. Let v be 1 + 2 + -1 - 2*-1. What is the units digit of d(v)?
8
Let r(v) = 5*v - 5. Let q be r(2). Suppose 5*o - 2 = -4*c, 0 = c + 2*o - 3*o - q. Suppose 4*a + 4*k = 2*k + 16, -a = -c*k - 4. What is the units digit of a?
4
Let g(h) = h**3 + 6*h**2 - 3*h + 1. Let y = 4 - 2. Suppose -20 = 3*j - 0*z + y*z, 4*j - 3*z = -21. What is the units digit of g(j)?
9
Let k = 6 - 1. Suppose 0 = -k*r - z + 200, -2*r = 2*z + 3*z - 103. What is the units digit of r?
9
Let h(f) = 638*f + 181. What is the units digit of h(2)?
7
Let v(w) = -13*w - 2 - 6*w + 28*w. What is the units digit of v(5)?
3
Let m(q) = -q**2 + 12*q - 13. Let s be m(10). Suppose -5*k = -s*k + 6. Suppose 0 = -k*j - 2*j